{"id":7,"date":"2020-04-20T20:09:28","date_gmt":"2020-04-20T20:09:28","guid":{"rendered":"https:\/\/clientes.plataformaenterprise.com\/?page_id=7"},"modified":"2026-04-28T20:19:11","modified_gmt":"2026-04-28T20:19:11","slug":"home","status":"publish","type":"page","link":"https:\/\/clientes.plataformaenterprise.com\/","title":{"rendered":"Home"},"content":{"rendered":"\t\t<div data-elementor-type=\"wp-page\" data-elementor-id=\"7\" class=\"elementor elementor-7\" data-elementor-post-type=\"page\">\n\t\t\t\t\t\t<section class=\"elementor-section elementor-top-section elementor-element elementor-element-9e367d2 elementor-section-full_width elementor-section-height-min-height elementor-section-items-stretch elementor-reverse-mobile elementor-section-height-default\" data-id=\"9e367d2\" data-element_type=\"section\" data-e-type=\"section\" data-settings=\"{&quot;background_background&quot;:&quot;classic&quot;}\">\n\t\t\t\t\t\t<div class=\"elementor-container elementor-column-gap-no\">\n\t\t\t\t\t<div class=\"elementor-column elementor-col-50 elementor-top-column elementor-element elementor-element-7fd94d6f\" data-id=\"7fd94d6f\" data-element_type=\"column\" data-e-type=\"column\">\n\t\t\t<div class=\"elementor-widget-wrap elementor-element-populated\">\n\t\t\t\t\t\t<div class=\"elementor-element elementor-element-2154ce8d elementor-widget elementor-widget-heading\" data-id=\"2154ce8d\" data-element_type=\"widget\" data-e-type=\"widget\" data-widget_type=\"heading.default\">\n\t\t\t\t<div class=\"elementor-widget-container\">\n\t\t\t\t\t<h2 class=\"elementor-heading-title elementor-size-default\">Soporte T\u00e9cnico<\/h2>\t\t\t\t<\/div>\n\t\t\t\t<\/div>\n\t\t\t\t<div class=\"elementor-element elementor-element-69eaf4fa elementor-widget elementor-widget-heading\" data-id=\"69eaf4fa\" data-element_type=\"widget\" data-e-type=\"widget\" data-widget_type=\"heading.default\">\n\t\t\t\t<div class=\"elementor-widget-container\">\n\t\t\t\t\t<h1 class=\"elementor-heading-title elementor-size-default\">Ahora podr\u00e1 solicitar el servicio de  SOPORTE TECNICO de la Plataforma Enterprise en los tel\u00e9fonos:  <b>317 3687989<\/b> y 318 3897547.<\/h1>\t\t\t\t<\/div>\n\t\t\t\t<\/div>\n\t\t\t\t<div class=\"elementor-element elementor-element-a2a37fb elementor-widget elementor-widget-heading\" data-id=\"a2a37fb\" data-element_type=\"widget\" data-e-type=\"widget\" data-widget_type=\"heading.default\">\n\t\t\t\t<div class=\"elementor-widget-container\">\n\t\t\t\t\t<h2 class=\"elementor-heading-title elementor-size-default\">Recuerde que el horario de atenci\u00f3n es de Lunes a Viernes de 8:00 a.m. a 12:00 m. y de 2:00 p.m a 6.00 p.m.<\/h2>\t\t\t\t<\/div>\n\t\t\t\t<\/div>\n\t\t\t\t<div class=\"elementor-element elementor-element-5cb3257 elementor-shape-circle e-grid-align-left elementor-grid-0 elementor-widget elementor-widget-social-icons\" data-id=\"5cb3257\" data-element_type=\"widget\" data-e-type=\"widget\" data-widget_type=\"social-icons.default\">\n\t\t\t\t<div class=\"elementor-widget-container\">\n\t\t\t\t\t\t\t<div class=\"elementor-social-icons-wrapper elementor-grid\" role=\"list\">\n\t\t\t\t\t\t\t<span class=\"elementor-grid-item\" role=\"listitem\">\n\t\t\t\t\t<a class=\"elementor-icon elementor-social-icon elementor-social-icon-facebook elementor-repeater-item-d0765c6\" href=\"https:\/\/www.facebook.com\/plataformaenterprise\/\" target=\"_blank\">\n\t\t\t\t\t\t<span class=\"elementor-screen-only\">Facebook<\/span>\n\t\t\t\t\t\t<i aria-hidden=\"true\" class=\"fab fa-facebook\"><\/i>\t\t\t\t\t<\/a>\n\t\t\t\t<\/span>\n\t\t\t\t\t\t\t<span class=\"elementor-grid-item\" role=\"listitem\">\n\t\t\t\t\t<a class=\"elementor-icon elementor-social-icon elementor-social-icon-twitter elementor-repeater-item-2d25de5\" href=\"https:\/\/twitter.com\/EnterpriseISL\" target=\"_blank\">\n\t\t\t\t\t\t<span class=\"elementor-screen-only\">Twitter<\/span>\n\t\t\t\t\t\t<i aria-hidden=\"true\" class=\"fab fa-twitter\"><\/i>\t\t\t\t\t<\/a>\n\t\t\t\t<\/span>\n\t\t\t\t\t\t\t<span class=\"elementor-grid-item\" role=\"listitem\">\n\t\t\t\t\t<a class=\"elementor-icon elementor-social-icon elementor-social-icon-linkedin elementor-repeater-item-838ee8f\" href=\"https:\/\/co.linkedin.com\/in\/plataformaenterprise\" target=\"_blank\">\n\t\t\t\t\t\t<span class=\"elementor-screen-only\">Linkedin<\/span>\n\t\t\t\t\t\t<i aria-hidden=\"true\" class=\"fab fa-linkedin\"><\/i>\t\t\t\t\t<\/a>\n\t\t\t\t<\/span>\n\t\t\t\t\t<\/div>\n\t\t\t\t\t\t<\/div>\n\t\t\t\t<\/div>\n\t\t\t\t\t<\/div>\n\t\t<\/div>\n\t\t\t\t<div class=\"elementor-column elementor-col-50 elementor-top-column elementor-element elementor-element-520a9dcb\" data-id=\"520a9dcb\" data-element_type=\"column\" data-e-type=\"column\" data-settings=\"{&quot;background_background&quot;:&quot;classic&quot;}\">\n\t\t\t<div class=\"elementor-widget-wrap elementor-element-populated\">\n\t\t\t\t\t\t<div class=\"elementor-element elementor-element-86a3e6a elementor-widget-divider--view-line elementor-widget elementor-widget-divider\" data-id=\"86a3e6a\" data-element_type=\"widget\" data-e-type=\"widget\" data-widget_type=\"divider.default\">\n\t\t\t\t<div class=\"elementor-widget-container\">\n\t\t\t\t\t\t\t<div class=\"elementor-divider\">\n\t\t\t<span class=\"elementor-divider-separator\">\n\t\t\t\t\t\t<\/span>\n\t\t<\/div>\n\t\t\t\t\t\t<\/div>\n\t\t\t\t<\/div>\n\t\t\t\t\t<\/div>\n\t\t<\/div>\n\t\t\t\t\t<\/div>\n\t\t<\/section>\n\t\t\t\t<section class=\"elementor-section elementor-top-section elementor-element elementor-element-18b8dda elementor-section-boxed elementor-section-height-default elementor-section-height-default\" data-id=\"18b8dda\" data-element_type=\"section\" data-e-type=\"section\" id=\"noticias\">\n\t\t\t\t\t\t<div class=\"elementor-container elementor-column-gap-default\">\n\t\t\t\t\t<div class=\"elementor-column elementor-col-100 elementor-top-column elementor-element elementor-element-26c1694\" data-id=\"26c1694\" data-element_type=\"column\" data-e-type=\"column\">\n\t\t\t<div class=\"elementor-widget-wrap elementor-element-populated\">\n\t\t\t\t\t\t<div class=\"elementor-element elementor-element-62ef9a7 elementor-widget elementor-widget-heading\" data-id=\"62ef9a7\" data-element_type=\"widget\" data-e-type=\"widget\" data-widget_type=\"heading.default\">\n\t\t\t\t<div class=\"elementor-widget-container\">\n\t\t\t\t\t<h2 class=\"elementor-heading-title elementor-size-default\">Noticias<\/h2>\t\t\t\t<\/div>\n\t\t\t\t<\/div>\n\t\t\t\t<div class=\"elementor-element elementor-element-fe1d6fc elementor-grid-3 elementor-grid-tablet-2 elementor-grid-mobile-1 elementor-posts--thumbnail-top elementor-card-shadow-yes elementor-posts__hover-gradient elementor-widget elementor-widget-posts\" data-id=\"fe1d6fc\" data-element_type=\"widget\" data-e-type=\"widget\" data-settings=\"{&quot;pagination_type&quot;:&quot;prev_next&quot;,&quot;cards_columns&quot;:&quot;3&quot;,&quot;cards_columns_tablet&quot;:&quot;2&quot;,&quot;cards_columns_mobile&quot;:&quot;1&quot;,&quot;cards_row_gap&quot;:{&quot;unit&quot;:&quot;px&quot;,&quot;size&quot;:35,&quot;sizes&quot;:[]},&quot;cards_row_gap_tablet&quot;:{&quot;unit&quot;:&quot;px&quot;,&quot;size&quot;:&quot;&quot;,&quot;sizes&quot;:[]},&quot;cards_row_gap_mobile&quot;:{&quot;unit&quot;:&quot;px&quot;,&quot;size&quot;:&quot;&quot;,&quot;sizes&quot;:[]}}\" data-widget_type=\"posts.cards\">\n\t\t\t\t<div class=\"elementor-widget-container\">\n\t\t\t\t\t\t\t<div class=\"elementor-posts-container elementor-posts elementor-posts--skin-cards elementor-grid\" role=\"list\">\n\t\t\t\t<article class=\"elementor-post elementor-grid-item post-343 post type-post status-publish format-standard has-post-thumbnail hentry category-tribuaria\" role=\"listitem\">\n\t\t\t<div class=\"elementor-post__card\">\n\t\t\t\t<a class=\"elementor-post__thumbnail__link\" href=\"https:\/\/clientes.plataformaenterprise.com\/index.php\/2026\/03\/24\/ventana-de-oportunidad-del-decreto-0240-de-2026-eficiencia-de-caja-o-cumplimiento-rezagado-el-dilema-ante-el-decreto\/\" tabindex=\"-1\" target=\"_blank\"><div class=\"elementor-post__thumbnail\"><img decoding=\"async\" width=\"300\" height=\"164\" src=\"https:\/\/clientes.plataformaenterprise.com\/wp-content\/uploads\/2026\/03\/image-300x164.png\" class=\"attachment-medium size-medium wp-image-344\" alt=\"\" srcset=\"https:\/\/clientes.plataformaenterprise.com\/wp-content\/uploads\/2026\/03\/image-300x164.png 300w, https:\/\/clientes.plataformaenterprise.com\/wp-content\/uploads\/2026\/03\/image-768x419.png 768w, https:\/\/clientes.plataformaenterprise.com\/wp-content\/uploads\/2026\/03\/image.png 800w\" sizes=\"(max-width: 300px) 100vw, 300px\" \/><\/div><\/a>\n\t\t\t\t<div class=\"elementor-post__badge\">Tribuaria<\/div>\n\t\t\t\t<div class=\"elementor-post__text\">\n\t\t\t\t<h3 class=\"elementor-post__title\">\n\t\t\t<a href=\"https:\/\/clientes.plataformaenterprise.com\/index.php\/2026\/03\/24\/ventana-de-oportunidad-del-decreto-0240-de-2026-eficiencia-de-caja-o-cumplimiento-rezagado-el-dilema-ante-el-decreto\/\" target=&quot;_blank&quot;>\n\t\t\t\tVentana de Oportunidad del Decreto 0240 de 2026: \u00bfEficiencia de caja o cumplimiento rezagado? El dilema ante el Decreto\t\t\t<\/a>\n\t\t<\/h3>\n\t\t\t\t<div class=\"elementor-post__excerpt\">\n\t\t\t<p>El reciente Decreto Legislativo 0240 de 2026 no debe leerse solo como una medida de recaudo de emergencia, sino como una herramienta cr\u00edtica de gesti\u00f3n de tesorer\u00eda para el cierre del primer semestre.<\/p>\n\t\t<\/div>\n\t\t\n\t\t<a class=\"elementor-post__read-more\" href=\"https:\/\/clientes.plataformaenterprise.com\/index.php\/2026\/03\/24\/ventana-de-oportunidad-del-decreto-0240-de-2026-eficiencia-de-caja-o-cumplimiento-rezagado-el-dilema-ante-el-decreto\/\" aria-label=\"Read more about Ventana de Oportunidad del Decreto 0240 de 2026: \u00bfEficiencia de caja o cumplimiento rezagado? El dilema ante el Decreto\" tabindex=\"-1\" target=\"_blank\">\n\t\t\tLeer m\u00e1s\t\t<\/a>\n\n\t\t\t\t<\/div>\n\t\t\t\t<div class=\"elementor-post__meta-data\">\n\t\t\t\t\t<span class=\"elementor-post-date\">\n\t\t\tmarzo 24, 2026\t\t<\/span>\n\t\t\t\t<\/div>\n\t\t\t\t\t<\/div>\n\t\t<\/article>\n\t\t\t\t<article class=\"elementor-post elementor-grid-item post-302 post type-post status-publish format-standard hentry category-facturacion-electronica tag-dian tag-inventario tag-unidades-de-medida\" role=\"listitem\">\n\t\t\t<div class=\"elementor-post__card\">\n\t\t\t\t<div class=\"elementor-post__text\">\n\t\t\t\t<h3 class=\"elementor-post__title\">\n\t\t\t<a href=\"https:\/\/clientes.plataformaenterprise.com\/index.php\/2024\/01\/31\/unidades-de-medida-en-facturacion-electronica\/\" target=&quot;_blank&quot;>\n\t\t\t\tUnidades de medida en Facturaci\u00f3n Electr\u00f3nica\t\t\t<\/a>\n\t\t<\/h3>\n\t\t\t\t<div class=\"elementor-post__excerpt\">\n\t\t\t<p>Con el anexo t\u00e9cnico versi\u00f3n 1.8 para facturaci\u00f3n electr\u00f3nica, la DIAN incluy\u00f3 un listado de unidades de medida que se pueden asignar a los productos<\/p>\n\t\t<\/div>\n\t\t\n\t\t<a class=\"elementor-post__read-more\" href=\"https:\/\/clientes.plataformaenterprise.com\/index.php\/2024\/01\/31\/unidades-de-medida-en-facturacion-electronica\/\" aria-label=\"Read more about Unidades de medida en Facturaci\u00f3n Electr\u00f3nica\" tabindex=\"-1\" target=\"_blank\">\n\t\t\tLeer m\u00e1s\t\t<\/a>\n\n\t\t\t\t<\/div>\n\t\t\t\t<div class=\"elementor-post__meta-data\">\n\t\t\t\t\t<span class=\"elementor-post-date\">\n\t\t\tenero 31, 2024\t\t<\/span>\n\t\t\t\t<\/div>\n\t\t\t\t\t<\/div>\n\t\t<\/article>\n\t\t\t\t<article class=\"elementor-post elementor-grid-item post-257 post type-post status-publish format-standard has-post-thumbnail hentry category-nomina-electronica tag-nomina-electronica\" role=\"listitem\">\n\t\t\t<div class=\"elementor-post__card\">\n\t\t\t\t<a class=\"elementor-post__thumbnail__link\" href=\"https:\/\/clientes.plataformaenterprise.com\/index.php\/2021\/03\/08\/requisitos-nomina-electronica\/\" tabindex=\"-1\" target=\"_blank\"><div class=\"elementor-post__thumbnail\"><img decoding=\"async\" width=\"300\" height=\"155\" src=\"https:\/\/clientes.plataformaenterprise.com\/wp-content\/uploads\/2021\/03\/oficina-300x155.png\" class=\"attachment-medium size-medium wp-image-258\" alt=\"Requisitos Nomina\" srcset=\"https:\/\/clientes.plataformaenterprise.com\/wp-content\/uploads\/2021\/03\/oficina-300x155.png 300w, https:\/\/clientes.plataformaenterprise.com\/wp-content\/uploads\/2021\/03\/oficina.png 450w\" sizes=\"(max-width: 300px) 100vw, 300px\" \/><\/div><\/a>\n\t\t\t\t<div class=\"elementor-post__badge\">Nomina Electr\u00f3nica<\/div>\n\t\t\t\t<div class=\"elementor-post__text\">\n\t\t\t\t<h3 class=\"elementor-post__title\">\n\t\t\t<a href=\"https:\/\/clientes.plataformaenterprise.com\/index.php\/2021\/03\/08\/requisitos-nomina-electronica\/\" target=&quot;_blank&quot;>\n\t\t\t\tRequisitos Nomina Electr\u00f3nica\t\t\t<\/a>\n\t\t<\/h3>\n\t\t\t\t<div class=\"elementor-post__excerpt\">\n\t\t\t<p>El Art\u00edculo 5 de la resoluci\u00f3n 13 de 2021 de la DIAN establece la informaci\u00f3n y contenido del documento soporte de pago de n\u00f3mina electr\u00f3nica<\/p>\n\t\t<\/div>\n\t\t\n\t\t<a class=\"elementor-post__read-more\" href=\"https:\/\/clientes.plataformaenterprise.com\/index.php\/2021\/03\/08\/requisitos-nomina-electronica\/\" aria-label=\"Read more about Requisitos Nomina Electr\u00f3nica\" tabindex=\"-1\" target=\"_blank\">\n\t\t\tLeer m\u00e1s\t\t<\/a>\n\n\t\t\t\t<\/div>\n\t\t\t\t<div class=\"elementor-post__meta-data\">\n\t\t\t\t\t<span class=\"elementor-post-date\">\n\t\t\tmarzo 8, 2021\t\t<\/span>\n\t\t\t\t<\/div>\n\t\t\t\t\t<\/div>\n\t\t<\/article>\n\t\t\t\t<\/div>\n\t\t\n\t\t\t\t<div class=\"e-load-more-anchor\" data-page=\"1\" data-max-page=\"3\" data-next-page=\"https:\/\/clientes.plataformaenterprise.com\/index.php\/wp-json\/wp\/v2\/pages\/7\/page\/2\/\"><\/div>\n\t\t\t\t<nav class=\"elementor-pagination\" aria-label=\"Pagination\">\n\t\t\t<span class=\"page-numbers prev\">&laquo; Anteriores<\/span>\n<a class=\"page-numbers next\" href=\"https:\/\/clientes.plataformaenterprise.com\/index.php\/wp-json\/wp\/v2\/pages\/7\/page\/2\/\">Siguiente &raquo;<\/a>\t\t<\/nav>\n\t\t\t\t\t\t<\/div>\n\t\t\t\t<\/div>\n\t\t\t\t\t<\/div>\n\t\t<\/div>\n\t\t\t\t\t<\/div>\n\t\t<\/section>\n\t\t\t\t<section class=\"elementor-section elementor-top-section elementor-element elementor-element-986a16e elementor-section-boxed elementor-section-height-default elementor-section-height-default\" data-id=\"986a16e\" data-element_type=\"section\" data-e-type=\"section\">\n\t\t\t\t\t\t<div class=\"elementor-container elementor-column-gap-default\">\n\t\t\t\t\t<div class=\"elementor-column elementor-col-100 elementor-top-column elementor-element elementor-element-12392ec\" data-id=\"12392ec\" data-element_type=\"column\" data-e-type=\"column\">\n\t\t\t<div class=\"elementor-widget-wrap\">\n\t\t\t\t\t\t\t<\/div>\n\t\t<\/div>\n\t\t\t\t\t<\/div>\n\t\t<\/section>\n\t\t\t\t<\/div>\n\t\t","protected":false},"excerpt":{"rendered":"<p>Soporte T\u00e9cnico Ahora podr\u00e1 solicitar el servicio de SOPORTE TECNICO de la Plataforma Enterprise en los tel\u00e9fonos: 317 3687989 y 318 3897547. Recuerde que el horario de atenci\u00f3n es de Lunes a Viernes de 8:00 a.m. a 12:00 m. y de 2:00 p.m a 6.00 p.m. Facebook Twitter Linkedin Noticias<\/p>\n","protected":false},"author":1,"featured_media":0,"parent":0,"menu_order":0,"comment_status":"closed","ping_status":"closed","template":"","meta":{"content-type":"","footnotes":""},"class_list":["post-7","page","type-page","status-publish","hentry"],"yoast_head":"<!-- This site is optimized with the Yoast SEO plugin v27.5 - https:\/\/yoast.com\/product\/yoast-seo-wordpress\/ -->\n<title>Home - Cliente Plataforma Enterprise<\/title>\n<meta name=\"robots\" content=\"index, follow, max-snippet:-1, max-image-preview:large, max-video-preview:-1\" \/>\n<link rel=\"canonical\" href=\"https:\/\/clientes.plataformaenterprise.com\/\" \/>\n<meta property=\"og:locale\" content=\"es_ES\" \/>\n<meta property=\"og:type\" content=\"article\" \/>\n<meta property=\"og:title\" content=\"Home - Cliente Plataforma Enterprise\" \/>\n<meta property=\"og:description\" content=\"Soporte T\u00e9cnico Ahora podr\u00e1 solicitar el servicio de SOPORTE TECNICO de la Plataforma Enterprise en los tel\u00e9fonos: 317 3687989 y 318 3897547. Recuerde que el horario de atenci\u00f3n es de Lunes a Viernes de 8:00 a.m. a 12:00 m. y de 2:00 p.m a 6.00 p.m. Facebook Twitter Linkedin Noticias\" \/>\n<meta property=\"og:url\" content=\"https:\/\/clientes.plataformaenterprise.com\/\" \/>\n<meta property=\"og:site_name\" content=\"Cliente Plataforma Enterprise\" \/>\n<meta property=\"article:publisher\" content=\"https:\/\/www.facebook.com\/plataformaenterprise\/\" \/>\n<meta property=\"article:modified_time\" content=\"2026-04-28T20:19:11+00:00\" \/>\n<meta name=\"twitter:card\" content=\"summary_large_image\" \/>\n<meta name=\"twitter:site\" content=\"@EnterpriseISL\" \/>\n<meta name=\"twitter:label1\" content=\"Tiempo de lectura\" \/>\n\t<meta name=\"twitter:data1\" content=\"2 minutos\" \/>\n<script type=\"application\/ld+json\" class=\"yoast-schema-graph\">{\"@context\":\"https:\\\/\\\/schema.org\",\"@graph\":[{\"@type\":\"WebPage\",\"@id\":\"https:\\\/\\\/clientes.plataformaenterprise.com\\\/\",\"url\":\"https:\\\/\\\/clientes.plataformaenterprise.com\\\/\",\"name\":\"Home - Cliente Plataforma Enterprise\",\"isPartOf\":{\"@id\":\"https:\\\/\\\/clientes.plataformaenterprise.com\\\/#website\"},\"datePublished\":\"2020-04-20T20:09:28+00:00\",\"dateModified\":\"2026-04-28T20:19:11+00:00\",\"breadcrumb\":{\"@id\":\"https:\\\/\\\/clientes.plataformaenterprise.com\\\/#breadcrumb\"},\"inLanguage\":\"es-CO\",\"potentialAction\":[{\"@type\":\"ReadAction\",\"target\":[\"https:\\\/\\\/clientes.plataformaenterprise.com\\\/\"]}]},{\"@type\":\"BreadcrumbList\",\"@id\":\"https:\\\/\\\/clientes.plataformaenterprise.com\\\/#breadcrumb\",\"itemListElement\":[{\"@type\":\"ListItem\",\"position\":1,\"name\":\"Home\",\"item\":\"https:\\\/\\\/clientes.plataformaenterprise.com\\\/\"},{\"@type\":\"ListItem\",\"position\":2,\"name\":\"Home\"}]},{\"@type\":\"WebSite\",\"@id\":\"https:\\\/\\\/clientes.plataformaenterprise.com\\\/#website\",\"url\":\"https:\\\/\\\/clientes.plataformaenterprise.com\\\/\",\"name\":\"Cliente Plataforma Enterprise\",\"description\":\"Un servicio de ISL S.A.\",\"publisher\":{\"@id\":\"https:\\\/\\\/clientes.plataformaenterprise.com\\\/#organization\"},\"potentialAction\":[{\"@type\":\"SearchAction\",\"target\":{\"@type\":\"EntryPoint\",\"urlTemplate\":\"https:\\\/\\\/clientes.plataformaenterprise.com\\\/?s={search_term_string}\"},\"query-input\":{\"@type\":\"PropertyValueSpecification\",\"valueRequired\":true,\"valueName\":\"search_term_string\"}}],\"inLanguage\":\"es-CO\"},{\"@type\":\"Organization\",\"@id\":\"https:\\\/\\\/clientes.plataformaenterprise.com\\\/#organization\",\"name\":\"Plataforma Enterprise\",\"url\":\"https:\\\/\\\/clientes.plataformaenterprise.com\\\/\",\"logo\":{\"@type\":\"ImageObject\",\"inLanguage\":\"es-CO\",\"@id\":\"https:\\\/\\\/clientes.plataformaenterprise.com\\\/#\\\/schema\\\/logo\\\/image\\\/\",\"url\":\"https:\\\/\\\/clientes.plataformaenterprise.com\\\/wp-content\\\/uploads\\\/2020\\\/04\\\/logo.png\",\"contentUrl\":\"https:\\\/\\\/clientes.plataformaenterprise.com\\\/wp-content\\\/uploads\\\/2020\\\/04\\\/logo.png\",\"width\":888,\"height\":310,\"caption\":\"Plataforma Enterprise\"},\"image\":{\"@id\":\"https:\\\/\\\/clientes.plataformaenterprise.com\\\/#\\\/schema\\\/logo\\\/image\\\/\"},\"sameAs\":[\"https:\\\/\\\/www.facebook.com\\\/plataformaenterprise\\\/\",\"https:\\\/\\\/x.com\\\/EnterpriseISL\"]}]}<\/script>\n<!-- \/ Yoast SEO plugin. -->","yoast_head_json":{"title":"Home - Cliente Plataforma Enterprise","robots":{"index":"index","follow":"follow","max-snippet":"max-snippet:-1","max-image-preview":"max-image-preview:large","max-video-preview":"max-video-preview:-1"},"canonical":"https:\/\/clientes.plataformaenterprise.com\/","og_locale":"es_ES","og_type":"article","og_title":"Home - Cliente Plataforma Enterprise","og_description":"Soporte T\u00e9cnico Ahora podr\u00e1 solicitar el servicio de SOPORTE TECNICO de la Plataforma Enterprise en los tel\u00e9fonos: 317 3687989 y 318 3897547. Recuerde que el horario de atenci\u00f3n es de Lunes a Viernes de 8:00 a.m. a 12:00 m. y de 2:00 p.m a 6.00 p.m. Facebook Twitter Linkedin Noticias","og_url":"https:\/\/clientes.plataformaenterprise.com\/","og_site_name":"Cliente Plataforma Enterprise","article_publisher":"https:\/\/www.facebook.com\/plataformaenterprise\/","article_modified_time":"2026-04-28T20:19:11+00:00","twitter_card":"summary_large_image","twitter_site":"@EnterpriseISL","twitter_misc":{"Tiempo de lectura":"2 minutos"},"schema":{"@context":"https:\/\/schema.org","@graph":[{"@type":"WebPage","@id":"https:\/\/clientes.plataformaenterprise.com\/","url":"https:\/\/clientes.plataformaenterprise.com\/","name":"Home - Cliente Plataforma Enterprise","isPartOf":{"@id":"https:\/\/clientes.plataformaenterprise.com\/#website"},"datePublished":"2020-04-20T20:09:28+00:00","dateModified":"2026-04-28T20:19:11+00:00","breadcrumb":{"@id":"https:\/\/clientes.plataformaenterprise.com\/#breadcrumb"},"inLanguage":"es-CO","potentialAction":[{"@type":"ReadAction","target":["https:\/\/clientes.plataformaenterprise.com\/"]}]},{"@type":"BreadcrumbList","@id":"https:\/\/clientes.plataformaenterprise.com\/#breadcrumb","itemListElement":[{"@type":"ListItem","position":1,"name":"Home","item":"https:\/\/clientes.plataformaenterprise.com\/"},{"@type":"ListItem","position":2,"name":"Home"}]},{"@type":"WebSite","@id":"https:\/\/clientes.plataformaenterprise.com\/#website","url":"https:\/\/clientes.plataformaenterprise.com\/","name":"Cliente Plataforma Enterprise","description":"Un servicio de ISL S.A.","publisher":{"@id":"https:\/\/clientes.plataformaenterprise.com\/#organization"},"potentialAction":[{"@type":"SearchAction","target":{"@type":"EntryPoint","urlTemplate":"https:\/\/clientes.plataformaenterprise.com\/?s={search_term_string}"},"query-input":{"@type":"PropertyValueSpecification","valueRequired":true,"valueName":"search_term_string"}}],"inLanguage":"es-CO"},{"@type":"Organization","@id":"https:\/\/clientes.plataformaenterprise.com\/#organization","name":"Plataforma Enterprise","url":"https:\/\/clientes.plataformaenterprise.com\/","logo":{"@type":"ImageObject","inLanguage":"es-CO","@id":"https:\/\/clientes.plataformaenterprise.com\/#\/schema\/logo\/image\/","url":"https:\/\/clientes.plataformaenterprise.com\/wp-content\/uploads\/2020\/04\/logo.png","contentUrl":"https:\/\/clientes.plataformaenterprise.com\/wp-content\/uploads\/2020\/04\/logo.png","width":888,"height":310,"caption":"Plataforma Enterprise"},"image":{"@id":"https:\/\/clientes.plataformaenterprise.com\/#\/schema\/logo\/image\/"},"sameAs":["https:\/\/www.facebook.com\/plataformaenterprise\/","https:\/\/x.com\/EnterpriseISL"]}]}},"_links":{"self":[{"href":"https:\/\/clientes.plataformaenterprise.com\/index.php\/wp-json\/wp\/v2\/pages\/7","targetHints":{"allow":["GET"]}}],"collection":[{"href":"https:\/\/clientes.plataformaenterprise.com\/index.php\/wp-json\/wp\/v2\/pages"}],"about":[{"href":"https:\/\/clientes.plataformaenterprise.com\/index.php\/wp-json\/wp\/v2\/types\/page"}],"author":[{"embeddable":true,"href":"https:\/\/clientes.plataformaenterprise.com\/index.php\/wp-json\/wp\/v2\/users\/1"}],"replies":[{"embeddable":true,"href":"https:\/\/clientes.plataformaenterprise.com\/index.php\/wp-json\/wp\/v2\/comments?post=7"}],"version-history":[{"count":100,"href":"https:\/\/clientes.plataformaenterprise.com\/index.php\/wp-json\/wp\/v2\/pages\/7\/revisions"}],"predecessor-version":[{"id":366,"href":"https:\/\/clientes.plataformaenterprise.com\/index.php\/wp-json\/wp\/v2\/pages\/7\/revisions\/366"}],"wp:attachment":[{"href":"https:\/\/clientes.plataformaenterprise.com\/index.php\/wp-json\/wp\/v2\/media?parent=7"}],"curies":[{"name":"wp","href":"https:\/\/api.w.org\/{rel}","templated":true}]}}